 5*g - 50, 4*g - 23 - 9 = -3*d. Calculate the remainder when 28 is divided by d.
4
Suppose 3*j = 2*b - 26 - 33, -8 = j - 3*b. Let a be 1 + 1 + -3 + j. What is the remainder when 42/(-4)*a/9 is divided by 15?
13
Suppose 0 = -4*m - 20, -30 = -2*c - 3*m - m. What is the remainder when c is divided by 14?
11
Suppose -5*d = 3*q - 46, -4*q - 31 - 14 = -3*d. Calculate the remainder when d is divided by 3*(-7)/(-9)*3.
4
Suppose -v - v = -4. Calculate the remainder when 7 is divided by v.
1
Suppose 4*c + 647 = 3*i, -5*i + 92 + 221 = -2*c. Let a = c + 238. What is the remainder when a is divided by 25?
24
Let n(b) = b**2 + 27*b - 39. What is the remainder when 92 is divided by n(-29)?
16
Suppose 5*d = 3*j + 13, 3 = -0*d + 2*d + j. Suppose -2*n + 36 = 2*v - 26, -d*v + 4*n = -62. What is the remainder when v is divided by 11?
9
Let x(s) = -s**2 - 8*s + 8. Suppose -4*k = -k + 5*d - 141, -2*k = -2*d - 78. Calculate the remainder when k is divided by x(-7).
12
Let u = 47 - 36. Let f(t) = t**3 - t - 4. Calculate the remainder when f(3) is divided by u.
9
Let r(z) = z**2 - 3*z - 10. Calculate the remainder when 24 is divided by r(-4).
6
Let k(s) = -s**3 - 7*s**2 + 12*s - 3. Calculate the remainder when k(-9) is divided by 6.
3
Let z be (-2 - (1 - 0))*-1. Suppose z*c - 54 = c. Calculate the remainder when c is divided by 7.
6
Suppose -3*a - 312 = -11*a. What is the remainder when a is divided by 10?
9
Let m = 10 + -5. Suppose 31 = 2*t - m*k, -t - 2*t - 5*k + 34 = 0. Calculate the remainder when 25 is divided by t.
12
Suppose 0 = 3*p, -6*n - 2*p = -n - 135. Let h(i) = 6*i**2 - i + 2. Calculate the remainder when n is divided by h(1).
6
Suppose 3*z = 2*f - 22, -4*z = 4*f + z - 88. Let w(y) = -31*y + 1. Calculate the remainder when w(-1) is divided by f.
15
Let y(j) = j**3 - 4*j**2 + 3*j - 4. Let x = 29 + -15. Calculate the remainder when x is divided by y(4).
6
Suppose -5*c - 3*o = -80, -2*o + 16 = -c + 2*c. Suppose -a + c + 28 = 0. What is the remainder when a is divided by 15?
14
Suppose 3*n = -0*n + 69. Let g(p) = 90*p**2 + p. What is the remainder when g(-1) is divided by n?
20
Let c = 4 + 1. Suppose -2*s - 6 - 2 = 0. Let i = 7 + s. What is the remainder when c is divided by i?
2
Let p = 65 - 39. Let w(o) = o**3 - 6*o**2 - 15*o + 1. Calculate the remainder when p is divided by w(8).
8
Suppose -d = -3*d + 8. Suppose 0 = -2*z - d + 18. What is the remainder when 10 is divided by z?
3
What is the remainder when (3 - 2)*(-474)/(-6) is divided by 27?
25
Suppose -88 = -2*c - 4*x, 0 = 2*c - 2*x - 0*x - 64. Calculate the remainder when c is divided by 13.
10
Let l(u) = -18*u + 3. Let y(o) = 12*o - 2. Let c(p) = -5*l(p) - 7*y(p). Calculate the remainder when c(3) is divided by 9.
8
Let g(s) = s**3 - 11*s**2 + 6*s - 9. Suppose 0 = 2*f + 3*f - u - 51, 2*f + 5*u - 42 = 0. What is the remainder when g(f) is divided by 15?
12
Suppose -4*w - 2*k + 74 = 0, -4*w = 5*k + 7 - 78. Suppose 4*s - 3*s = w. Let z = 33 - 23. What is the remainder when s is divided by z?
9
Suppose 12 = 3*f - 12. Suppose 0 = -5*u - a + 73, -u + 4*a + 1 = -1. What is the remainder when u is divided by f?
6
Suppose 0*j + 13 = 3*b - 4*j, -16 = -4*b + 4*j. Suppose -11 = -2*x + 7. Calculate the remainder when ((-16)/b)/((-2)/6) is divided by x.
7
Let k(r) = -r**3 + 13*r**2 + 15*r - 7. Let g(w) = w**3 - 5*w**2 + 4*w + 5. Calculate the remainder when g(5) is divided by k(14).
4
Let f = 203 - 79. Calculate the remainder when f is divided by 42.
40
Suppose 0*l + 5*l - 142 = 2*p, 3*l - 106 = -4*p. Calculate the remainder when l is divided by 11.
8
Calculate the remainder when (-14)/8 - -2 - (-198)/8 is divided by 3.
1
Let b(f) = -f**2 - 16*f - 1. What is the remainder when 265 is divided by b(-13)?
37
Let d(r) = 28*r - 5. Calculate the remainder when d(4) is divided by 27.
26
Let u = 3 + -5. Calculate the remainder when u/(-1) - (0 - 0) is divided by (-3)/2*(-4)/6.
0
Suppose 0 = 2*f + 2*b + 2*b - 176, 2*f - 4*b = 160. Calculate the remainder when f is divided by 17.
16
Let s = 6 + -6. Let g(k) = -k + 12. Calculate the remainder when ((-1)/2)/((-1)/68) is divided by g(s).
10
Let j = -1 - -2. Suppose 0 = -2*b + 3*b - j. Let i = 35 + -34. What is the remainder when i is divided by b?
0
Suppose -4*j + 13 = c, -3*j - 3*c = -4*j. Let v = j - 3. Suppose 0 = t + 4*w - v*w - 21, 0 = -4*w - 8. What is the remainder when t is divided by 10?
9
Let a(f) = f - 3. Let h be a(5). Let k = -2 + h. Suppose -r + k = -1. What is the remainder when r is divided by 1?
0
Suppose 0 = 21*f - 26*f + 110. Calculate the remainder when 84 is divided by f.
18
Let d(w) = 25*w**2 + w - 1. Let n(i) = i**3 - i**2 + 9. Let m(y) = -y**3 + 5*y**2 + 6*y. Let z be m(6). Calculate the remainder when d(1) is divided by n(z).
7
Let c be 1*(1 + -3)*1. What is the remainder when 40 is divided by (-4)/(16/(-7) - c)?
12
Let y(k) = -27*k - 1. What is the remainder when 76 is divided by y(-1)?
24
Let i = 16 - 15. What is the remainder when i is divided by 1?
0
Suppose -a - 3*a = -8. What is the remainder when (-8)/(-10) + 147/35 is divided by a?
1
Suppose -24 = -2*n - 0*n. Suppose 5*g + n - 57 = 0. Calculate the remainder when 25 is divided by g.
7
Suppose -10 = -4*k - k. Suppose -k - 2 = j. Calculate the remainder when 39 is divided by 1/j - 810/(-40).
19
Suppose 5*n + 4*g = 365, -8*g + 13*g - 283 = -4*n. What is the remainder when n is divided by 16?
13
Suppose -3*c + 2 = -1. Suppose h + 5 = 1. Let a = h - -5. Calculate the remainder when a is divided by c.
0
Let i be (-14)/(-8) - (-2)/8. Suppose 5*l - n = 149, -l - 4*n - 8 = -21. Calculate the remainder when l is divided by (15/4)/(i/8).
14
Suppose -3*d + 0*a - 4*a = 10, -4*d = 5*a + 13. What is the remainder when 9 is divided by (-1 - d)*10/2?
4
Let m(c) = 0 - 2 - 2 + 3*c + 0*c. What is the remainder when 23 is divided by m(4)?
7
Suppose -w - 4 = 2*f - 3, -4*w + 4*f = -8. Suppose 5*n - 3*n - 38 = 0. Calculate the remainder when n is divided by (2 - 9/w)/(-1).
5
Let d = 110 + -62. Calculate the remainder when 237 is divided by d.
45
Suppose 0 = 2*p - 2*o - 33 - 13, 4*p - 74 = -5*o. Calculate the remainder when p is divided by 21.
0
Let c(b) = 2*b**2 + 4. Let p(d) = d - 1. Let i(n) = -n**2 + 5*n + 3. Let m(l) = i(l) + 3*p(l). What is the remainder when c(3) is divided by m(6)?
10
Suppose -o = -4*v - 34, 5*o + v - 98 = -3*v. Suppose 3 = -r - 3*j, 7 = -3*r + 3*j + o. Calculate the remainder when ((-33)/(-9) - 0)*r is divided by 4.
3
Let n be 1*(49 + 0) + 3. Let f = n - 29. What is the remainder when 44 is divided by f?
21
Calculate the remainder when 14 + -3 + 0 + 6 is divided by 5.
2
Suppose 0 = 2*i - 0*i - 24. Let d(q) = -q + 14. Let l be d(-8). Let g = l - 17. What is the remainder when i is divided by g?
2
Suppose -194 = -4*r - 30. Suppose 2*w - 2 + 4 = 0. What is the remainder when (w + 0)/((-1)/r) is divided by 14?
13
Let l(d) = -d**2 + d + 115. Calculate the remainder when l(0) is divided by 29.
28
Suppose -3*s - 4*h + 0 = 4, 4*s = -4*h. Let q(d) = -d. Let g(l) = 5*l - 7. Let m(w) = -g(w) - 4*q(w). What is the remainder when 7 is divided by m(s)?
1
Let u(z) = 21*z**3 + z**2 + z. Let s be u(-1). Let k = 38 - 6. Let m = k + s. Calculate the remainder when m is divided by 6.
5
Let t(i) = -i**3 + 4*i + 4. What is the remainder when 36 is divided by t(-3)?
17
Let p(a) = a**3 - 6*a**2 - 2*a + 9. Let r be p(6). Let d(w) = w + 16. What is the remainder when d(-6) is divided by (-1 + -8)/(r/2)?
4
Let b(v) = v**3 - 6*v**2 - v + 5. Let l be b(6). Let g = 2 + l. What is the remainder when 14 is divided by ((-10)/(-1))/(2*g)?
4
Suppose -f - f = -18. What is the remainder when 20 is divided by 6/(-27) + 74/f?
4
Suppose 0*g - 12 = 4*g, 0 = 3*u - 4*g - 132. What is the remainder when u is divided by 14?
12
Suppose -29 = -4*r + 27. Let y = -23 + 27. What is the remainder when r is divided by y?
2
Suppose -2*b + 20 + 4 = 0. What is the remainder when 34 is divided by b?
10
Let x = 200 - 188. Calculate the remainder when 35 is divided by x.
11
Let n = -10 + 22. Let u = 35 + -12. What is the remainder when u is divided by n?
11
Suppose -3*o + 2*r = 2*o - 193, 0 = 3*o + r - 118. What is the remainder when o is divided by 8?
7
Suppose 1 + 4 = w. Suppose 4*d - a = 12, -16 - 4 = -w*a. Suppose -d*o - 38 = -3*p, -40 = p - 6